 the remainder when q is divided by 32.
31
Let p(z) = -z**3 + 4*z**2 - 3*z + 1. Let h be p(2). Suppose h*f - 52 = -f. What is the remainder when 37 is divided by f?
11
Suppose -3*z = -2*z - 2. Suppose 3*q = -5*j + 265, -4*q + 368 = j + z*j. Calculate the remainder when q is divided by 24.
23
Let j = 104 + -19. Let q = -53 + j. What is the remainder when q is divided by 11?
10
Suppose -3*r + 44 = v, -4*v + 2*v + 4 = 0. Let f(s) = s**2 - 10*s - 7. Let b be f(6). Let i = -5 - b. What is the remainder when i is divided by r?
12
Suppose 5*f - p - 848 = 0, f = -3*p + p + 163. Calculate the remainder when f is divided by 43.
40
Suppose 52*y + 28 = 56*y. Calculate the remainder when 8 is divided by y.
1
Let a(k) = k**2 + 9*k + 2. Suppose -2*r = y + 22, 4*r - 2*y + 30 = 3*y. Let f be a(r). Calculate the remainder when 1 is divided by (-8)/f*(-3)/2.
0
Suppose -20 = -2*o + 4. Calculate the remainder when 46 is divided by o.
10
Let g(x) = -x**3 + 8*x**2 - 7*x + 3. Let k be g(7). Suppose b + 10 = k*b. What is the remainder when 9 is divided by b?
4
Suppose u = 2*u - 3. Suppose -2*q = -h - 4*q - 63, -2*h - 154 = -u*q. Let j = -48 - h. Calculate the remainder when j is divided by 8.
7
Let z(h) = 2*h**3 + 6*h**2 + 7*h + 5. Let l be z(-4). Let u = -17 - l. Calculate the remainder when u is divided by 13.
12
Let q be (-4)/(-3)*15/10. Suppose -53 + 131 = q*l. Calculate the remainder when l is divided by 10.
9
What is the remainder when 23 is divided by (-2)/(-11) - (1 + (-564)/44)?
11
Let j = -92 - -161. Let q(d) = -7*d - 45. What is the remainder when j is divided by q(-9)?
15
Suppose -4*s = 2*r - 26, -2*r = 4*s + 2*r - 16. What is the remainder when 33 is divided by s?
6
Let h be -2 - (-3 + 2 + 0). Suppose 5*v - p - 8 = 0, -2*p + 6 = 5*v - 4*p. Calculate the remainder when v is divided by h*(-1)/2*2.
0
What is the remainder when 28 is divided by 3/6*198/9?
6
Let m be (-3)/7 - (-76)/14. Let f(s) = s**3 - 4*s**2 + 3*s - 4. What is the remainder when f(m) is divided by 19?
17
Let x(p) = -p**2 + 6*p - 2. Let b be x(5). Suppose -8 = -c - b. What is the remainder when c is divided by 3?
2
Let m(g) be the first derivative of -g**4/4 + 2*g**3/3 + 2*g - 1. What is the remainder when 52 is divided by m(-2)?
16
Suppose 2*p - 5 = -3*v, 5*p - 4 = -v + 2. Let w = 14 - 8. Calculate the remainder when (-1)/((-18)/17 + p) is divided by w.
5
Suppose 0 = -h + 16 - 7. Suppose 3*m - 6*m + 3 = 0, 0 = -u - 4*m + 6. Let w = u + 15. What is the remainder when w is divided by h?
8
Suppose -105 = -2*a - 3*a. Calculate the remainder when 61 is divided by a.
19
Suppose -4*o - 73 = 7. Let k = o + 33. Calculate the remainder when 21 is divided by 2/k - 423/(-39).
10
Let a(y) = y**3 + 5*y**2 - 9*y - 8. Let t be a(-6). Suppose 0 = 5*f - t*f. Suppose -w - 4*w + 35 = f. What is the remainder when 13 is divided by w?
6
Let h = -5 + 5. Suppose -2*r + 16 + 14 = h. What is the remainder when 28 is divided by r?
13
Suppose 0 = -2*k + 15 + 41. Let a = -1 - -54. Suppose -5*g + 262 = -4*z, 2*g - 5*z - 45 = a. What is the remainder when g is divided by k?
26
Calculate the remainder when (-8)/((-25)/6 - -4) is divided by 10.
8
Let g(l) = -l**3 - 9*l**2 - 3. Let u be g(-9). Let h be ((-1)/u)/(2/18). Suppose 4 = h*m - 74. Calculate the remainder when m is divided by 9.
8
Suppose -o = -3*w + 73, -3*o - 17 - 10 = -w. What is the remainder when 59 is divided by w?
11
Suppose -v - 3*v = -32. Let g(c) = -7*c + 7*c**2 + 7 - 4*c**2 + 6*c**2 - c**3. Calculate the remainder when 42 is divided by g(v).
12
Let m(j) = j + 4. Let n be m(0). What is the remainder when 9 is divided by (-3 + 0)/((-2)/n)?
3
Suppose 0*n + 12 = n. Suppose 0 = d + 4*l - 32, 0 = -l - 2*l + n. Calculate the remainder when d is divided by 10.
6
Suppose -4*d = -4*h + 64, -2*h + 50 = 2*h + 3*d. Calculate the remainder when h is divided by 8.
6
Let p = 5 - -1. Let j = p + -4. What is the remainder when 4 is divided by j?
0
Let f be (3 - 4)*-9*-9. What is the remainder when 33 is divided by 2/(6/f*-3)?
6
Suppose d = 0, 3*r + 3*d = d + 33. Let u(w) = 5*w - 5. What is the remainder when u(5) is divided by r?
9
Let c = -137 + 78. Let j = c + 87. Calculate the remainder when j is divided by 15.
13
Suppose -1 = -n - 2*t + 5*t, 9 = n + t. What is the remainder when 20 is divided by (n/3)/((-4)/(-12))?
6
Let d = -17 - -31. Let i be (-2 + 11)*2/6. Suppose i*k = 12, -3*g - 2*k = 2*g - 133. What is the remainder when g is divided by d?
11
Let w(x) = x + 10. Calculate the remainder when 8 is divided by w(-6).
0
Suppose -l = 2*l. Suppose 5*w + 17 - 62 = l. Calculate the remainder when 33 is divided by w.
6
Let w(u) = u - 15. Let j(d) = -2*d + 30. Let t(h) = 3*j(h) + 5*w(h). Let o = -69 - -98. What is the remainder when o is divided by t(7)?
5
Let v(a) = -a**3 - a**2 - 2*a. Suppose 0 = 5*t + 25, -2*q - t + 9 = -4*t. Let s be v(q). Suppose 0*f = 3*f - s. What is the remainder when 23 is divided by f?
7
What is the remainder when (20 - 2) + (-1)/1 is divided by 20/14*(-21)/(-3)?
7
Let h(k) = 12*k + 1. Let c be h(-1). Let q = -8 - c. What is the remainder when 9 is divided by q?
0
Let x = 28 + -3. Let m = 79 + -27. Let i = m - x. Calculate the remainder when i is divided by 10.
7
Let s = 14 + 1. Let p = s + 4. Calculate the remainder when p is divided by 11.
8
Let j(w) = w**3 + 9*w**2 + 7*w - 10. Let o = -24 + 16. Let k be j(o). What is the remainder when (-1)/(-2*k/(-112)) is divided by 15?
13
Let m(y) = -7*y - 2. Calculate the remainder when m(-11) is divided by 26.
23
Let q = -17 + 44. Let p be ((-5)/3)/((-1)/3). What is the remainder when q is divided by (-6)/(p - 2) - -17?
12
Let m = -36 - -90. Let n = 77 - m. What is the remainder when 90 is divided by n?
21
Let f = 48 - 35. Calculate the remainder when 63 is divided by f.
11
Let h = -82 - -150. Let q(f) = -f**3 - 3*f**2 + 4*f - 7. What is the remainder when h is divided by q(-5)?
22
Let i(w) = -w**2 - 7*w - 4. Let k be i(-6). Let j be 5/((-15)/k)*-6. Let t = j - -22. What is the remainder when t is divided by 14?
12
Suppose f = z + 4*z - 103, 2*f = 3*z - 59. What is the remainder when z is divided by (-2 - (-3)/6)*-4?
3
Let f = 30 + -10. What is the remainder when f is divided by 10 - 1 - (1 - -1)?
6
Suppose w - 4*g = 2*w, -3*w + 10 = 2*g. Let r = 16 - w. Calculate the remainder when r is divided by 5.
2
Let r(k) = -2*k + 3. Calculate the remainder when 24 is divided by r(-3).
6
Let v(w) = 3*w**3 - 2*w**2 - 2*w + 1. Calculate the remainder when v(3) is divided by 15.
13
Let n be (0 - 87) + 1/(-1). Calculate the remainder when n/24*-3*2 is divided by 12.
10
Let t = -56 - -79. Calculate the remainder when 112 is divided by t.
20
Suppose -7 + 56 = 2*o + 5*r, 91 = 5*o + 2*r. Let m = -6 - -2. Let b(g) = -11*g + 5. Calculate the remainder when b(m) is divided by o.
15
Let n(z) be the third derivative of -z**6/120 + z**5/10 - z**4/8 - z**3/2 + 5*z**2. What is the remainder when 13 is divided by n(5)?
6
Let r(y) = -8*y - 25. Let a(f) = -1. Let h(j) = 6*a(j) - r(j). What is the remainder when h(15) is divided by 35?
34
Let h(p) = p**3 - p**2 + 3*p - 1. Let x be h(3). Let l = 70 - x. What is the remainder when l is divided by 15?
14
Let p be ((-4)/(-6))/(1/6). Let k(f) = f**3 - 9*f - 3. What is the remainder when 98 is divided by k(p)?
23
Let q(g) = -g + 9. Let o(u) = -u + 8. Let l(h) = -5*o(h) + 4*q(h). Calculate the remainder when 9 is divided by l(8).
1
Suppose 5*u + 0 + 10 = 0. Let m = u - -17. Calculate the remainder when m is divided by 4.
3
Let k(j) = j + 5. Let b(l) = -l**3 + 9*l**2 + 10*l + 2. Let s be b(10). Suppose s*n - 32 = -2*n. What is the remainder when k(8) is divided by n?
5
Suppose -5 = -2*x + 11. Suppose 0 = -0*n + n - 14. What is the remainder when n is divided by x?
6
Suppose 4*k = 4*m + 252, -3*k + 5*m + 131 + 60 = 0. Calculate the remainder when k is divided by (-6325)/(-460) + (2/8 - 1).
10
Suppose -5*h + 2*h + 30 = 0. Suppose 0*w = 3*w - 111. What is the remainder when w is divided by h?
7
Let f be (1 - -3) + -3 - -38. Suppose -6*r = -r + o - f, -r + 3*o = -11. Suppose 2 = 2*a - r. Calculate the remainder when 19 is divided by a.
4
Suppose 0 = 3*u - 5*t - 85, 16 = -u + 5*t + 61. Calculate the remainder when u is divided by 12.
8
Suppose -17 = -0*t - t. Let f = t + 26. Calculate the remai